- -35 - 52?
36
Calculate (-552 - -558) + (-13 - -3).
-4
12 + (-3 + -3 - (-13 + 8 + 11))
0
Calculate 447 + -492 - (-2 + (-8 - 2)).
-33
Calculate 5 - (68 + -9 + -19 + 5).
-40
Evaluate -1280 + 1212 - (1 - 67).
-2
-2 + 43 - (288 - 170) - 45
-122
Calculate 5 + -1 + -12 + (146 - 119) + -11.
8
Calculate 4 + (-2 - -2) - 15 - (4 - -30).
-45
What is 0 + 10 + -10 + -9 + (-4 - 7) - 10?
-30
Evaluate -26 + (111 - 13) + -26 + 2.
48
Calculate 28 + (-32 - 31) + -7 + 90.
48
-10 + (16 - 16) + 59 + -9
40
Calculate 10 - ((-86 - -84) + -60).
72
(-71 - -57) + (2 + 4 - -19)
11
Calculate (-94 - (4 - 1)) + 2 + -5 + (510 - 516).
-106
Evaluate -46 + 52 + 51 + 57.
114
-18 - (482 - 459 - (67 + -1))
25
What is the value of -76 + (130 - 65) - (5 + -66)?
50
What is 26 + (0 - (-4 + 6 - -13))?
11
What is (-2 - (31 - 23)) + -3 + (-3 - (-17 - 3))?
4
Calculate 18 + 3 + (128 - 113) - 4.
32
Calculate (7 - 116) + 86 + 43.
20
What is the value of -5 - (-12 - (-8 + -2) - (1 + 3))?
1
What is 4 + -1 - (-7 - (4 - (-141 - 5 - -14)))?
146
What is the value of -4 - -82 - 47 - 14?
17
What is the value of 56 - (2 - (21 + -43))?
32
18 + (18 - -6) + 61 + (2 - 8)
97
4 + (-28 - (4 - (8 - -10)) - -60)
50
Evaluate (508 - 536) + (-11 - -1) + (0 - 25).
-63
Calculate -16 + -24 + (0 - -19) + 17.
-4
What is the value of (-8152 - -8174) + (-1 - -2)?
23
Calculate 6 - ((2 - -1) + -14 + (18 - 3 - 1)).
3
What is the value of -95 + (9 - (-24 + -5))?
-57
Calculate 9 + -1 + 41 + (-3 - 61).
-15
Calculate (-23 - 0) + (-42 + 93 - 68).
-40
Calculate 113 - 64 - (9 - -34).
6
What is 31 - ((-4 - (-4 - 3)) + -30 + 20 + 8)?
30
Evaluate 8 - -4 - (177 + -168) - 19.
-16
Calculate 108 + -91 - (2 + -6 - (-2 - -2)).
21
What is the value of -5 - (-1 - (-4 + 7) - 1 - (-10 - -10))?
0
(75 - (-43 + 59 - -13)) + 4 + 2
52
-3 + 0 + (-12 - (-8 + -28)) + 12
33
Evaluate (-12 - (-69 - -44)) + (7 - 4) + 56.
72
Calculate -50 - (42 - 64 - 23).
-5
Evaluate 28 + 1 - (-1604 + 1662).
-29
Calculate -9 + (-3 - -5) - (1 + -74 + 26).
40
What is 5 + (5 - -5) - (71 + -9 + -10)?
-37
Calculate (49 - (-1 + 12 + -8)) + (-16 - (12 + -23)).
41
What is 0 - 3 - (1335 - 1395)?
57
What is the value of -15 - -29 - 19 - (3 - 25) - -84?
101
What is the value of 19 + (13 - (50 + -50 - (-2 + -80)))?
-50
Calculate (-4 - -1) + -18 + 33 + -13 + 57 + -124.
-68
Evaluate -50 + (46 - (3 + 47)) + -48.
-102
Evaluate -5 + (44 - 29 - 84).
-74
Evaluate -9 + -1 + 19 + (22 - -1) + 15 + -15.
32
(87 + -26 - -10) + -31
40
Calculate -45 + (32 + -90 - -91).
-12
(6 + (-6 + -11 - -5) - 12) + (-9 - 0)
-27
40 - ((-9 - -236) + -81)
-106
(-4 - -11) + -2 + (-95 - -98 - (-15 + -2))
25
What is -39 + 5 + ((52 - 39) + 40 - 40)?
-21
Calculate -5 - (-1 + -3 + 1 + -2458 + 2561).
-105
(8 - (112 + -64)) + -9
-49
What is the value of -19 + 2 - (10 - (-26 + 2))?
-51
Calculate 1 - -33 - ((8 - (7 + (-9 - -9))) + 6).
27
What is -12 + 4 + -4 + 17 - (-4 + 3) - -2?
8
What is the value of -121 - -123 - ((-39 - -46) + -52 + 0)?
47
Calculate -256 - -347 - (16 + -8).
83
(-134 - (-27 + -227)) + -105
15
Evaluate 2 + -3 + 8 - (26 - 23) - (-49 + 46).
7
Calculate -1849 + 1987 + (2 - -2).
142
What is 116 + (40 + 24 + -32 - 48)?
100
Calculate 29 + -73 + 10 + 34.
0
Calculate ((8 - 4) + -7 - 0) + -44.
-47
-39 + (75 - 167) + 61
-70
What is the value of (-19 - 25) + (-2 + 2 - 11)?
-55
Evaluate (2 - 0) + 2 + (-74 - (3 + -8 + -4)).
-61
Calculate -52 + (-13 - (2 + 3 + -57 + 54)) + 17.
-50
1 + -3 - (24 + -31 + -1) - (30 - 0)
-24
Evaluate (-34 - (-39 + 15)) + -3 + 90.
77
What is 131 - 59 - 100 - -60?
32
Calculate 5130 + -5167 + (-1 - -85).
47
Evaluate -7 + 36 + -3 + -4 + -8 + 7 + 5.
26
Evaluate -80 + 52 + (-31 - -10) + 51.
2
(-13 + -3 - (2 - 11)) + -20
-27
What is -19 + (6 - (100 + 5 + (-60 - -85)))?
-143
What is -27 - (1 - 21) - -17 - 21?
-11
125 + -115 + (-6 - 2 - -1) + -29
-26
Calculate -39 + 6 - 6 - (20 - 15).
-44
What is 12 - -4 - 37 - (-52 + 13)?
18
What is the value of (-11 - (-46 - -1)) + (9 - (7 + -3))?
39
What is the value of -47 + 9 + (116 - 113)?
-35
Evaluate 129 - 130 - (17 - 5 - (0 + -14)).
-27
What is the value of -18 + 11 + (0 - -7) - (-39 - -18)?
21
Evaluate -7 + (-10 - ((-23 - -36) + 2 + -69)).
37
Evaluate (-257 - -215) + 19 + 1 + 43.
21
Evaluate (0 - -32) + (-62 - (31 + -126)).
65
What is -4 + 8 + -17 + (3 - 0) + -12 + -6?
-28
Evaluate 9 + ((-5 - -9) + (0 - 3) - (-493 - -517)).
-14
-65 - (75 - 38) - -19
-83
What is 0 + 1 + 21 + -45451 + 45424?
-5
What is 1 + 3 + -22 + (4 - (-16 + 2)) + -17?
-17
-20 - (-7 - (8 + -16)) - -3
-18
(-10 - (1 + 22 + -2)) + 5
-26
Calculate (10 - -5 - 19) + -31 + -3 + (-2 - -16).
-24
Calculate (-3 - 7 - (-2 - 3)) + -2 - (-3 - 2).
-2
What is -127 - (-142 + 73) - 5?
-63
-35 + 3 + -9 + (2 - -15) + -9
-33
Evaluate 19 - 50 - (133 - 136).
-28
Evaluate (17 - 8 - (-3 + 9 + 0)) + (-11 - -3).
-5
What is -143 - -109 - (-9 + 3)?
-28
What is the value of 17 + (86 - 38) + (2 - 15)?
52
What is 456 + -428 + -39 + -6?
-17
What is the value of (20 - 30) + ((18 - 25) + (2 - -82) - -7)?
74
What is -13 + -4 + 5 + 3 + -15 + 16 + 67?
59
Calculate (-45 - -13) + (-48 - -81) - -109.
110
Evaluate (298 - 309 - ((-2 - -2) + -5)) + 14 + 6.
14
What is the value of (-74 - (-41 - 23)) + (3 - 5)?
-12
302 - 315 - (43 - (1 + 9))
-46
Calculate -5 + 0 - -3 - (111 - 111) - -2.
0
What is -29 - (-63 + 28) - -2?
8
2843 - 2730 - (0 - -52)
61
Evaluate 117 - (122 + 0 + -5).
0
1 + 53 - ((27 - 35) + 16 + -3 + -9)
58
What is the value of -6 + -13 + 20 + -9 + (-1 - 15)?
-24
What is -164 + (93 - -58) - (-106 + -2 - -2)?
93
(730 - 799) + 34 + -1
-36
What is 8 - 5 - (-35 - -4)?
34
(-181 - -156) + (-4 - ((-8 - -2) + -1))
-22
What is 95 - (-17 - (9 + -51))?
70
Calculate 37 + -141 + 24 + 24.
-56
Evaluate -8 + 3 - -4 - (80 + -7 + -61).
-13
Calculate (866 - 903) + (95 - 9).
49
-70 - ((10 - (14 - 3) - 2) + -6) - -12
-49
Evaluate 304 + -300 + (77 - 1 - 0) - -8.
88
What is the value of -48 - (-11 + 28 + (-93 - -124))?
-96
What is the value of -9 + 0 + 7 + 8 + -2?
4
What is the value of (10 - (11 - 8)) + -4 + -2 + 47 - -10?
58
Calculate (2 - -39) + 5435 + -5464.
12
-108 + 14 - (-11 - (-22 + 4))
-101
Calculate 4 - (0 + 40) - (10 + -16 + -12).
-18
-38 + -1 + (3 - (8 + (6 - 8))) + 0
-42
What is the value of (-14 - -1) + (101 - (3 + 23)) - 11?
51
What is 27 + (18 - (79 + 19))?
-53
-50 - (-27 + (-72 - -57))
-8
(-9 - (-22 + 11)) + 3 + -2 - (27 - 22)
-2
Evaluate -37 - (-13 + -7 + -22).
5
Calculate ((0 - 16) + (-129 - -127) - -7) + (-15 - 1).
-27
What is -13 + -111 + 206 + -21?
61
What is -87 - (3 - (10 + -6) - (180 + -198))?
-104
Evaluate 27 - (-38 + -22 + 17) - 11.
59
Calculate -4 - (-12 - (4 + -15 + -3)).
-6
What is the value of 4 + (45 - (-13 + 7)) + (-5 - 2 - -6)?
54
What is the value of -15 + 32 + (-16 - (-50 + 16))?
35
Evaluate 40 - (-58 + 69 + (0 - 14) + -9).
52
(-22 + 2 - (30 + -58) - 4) + -18 + 1
-13
What is (-12 - 13) + 13 - (11 - (4 + -3))?
-22
What is the value of -4 + -7 + (19 - 17) + -3?
-12
Calculate (8 - (8 - 0 - (30 - (-8 + 30)))) + 4.
12
What is the value of -68 + 56 + (4 - (1 + -8))?
-1
Calculate -56 + (21 - -40) - (-5 + 100 - 5 - 3).
-82
Evaluate -34 - -59 - (-9 + (3 - -4)).
27
Evaluate 360 - 440 - (16 - -22).
-118
(-46 - (-54 + 49)) + 50
9
What is 12 - 36 - (-8 + -5 - -2)?
-13
54 - ((-39 - -32) + 38)
23
-15 + (-91 - (42 - 85))
-63
-92 - (2 - (-17 - -31 - -2))
-78
What is the value of (-31 + 1 - (-389 + 365)) + -69?
-75
-24 + -1072 + 1049 + (0 - 5)
-52
What is the value of -24 + 160 + 99 + -178?
57
Evaluate -9735 - -9728 - ((0 - -1) + 3).
-11
Evaluate -3 + -1 + (32 + -26 - 38).
-36
Calculate -90 + (-48 - -112) + -2.
-28
Calculate 1 - 29 - (-504 - -545 - (-1 + 22)).
-48
What is the value of 50 + (0 - 12) - 69?
-31
What is 9 - (148 - 56 - 36)?
-47
Calculate -6 + 17 + -8 + 7 + 17 + 0 + -2.
25
What is -24 - (22 + (14 - -14) - 14)?
-60
Evaluate -1 - -1 - (-58 + 45 + -5 + 4 + -24).
38
Evaluate 104 + 0 - (23 - ((14 - -34) + -16 + -8)).
105
What is 2 + (1 - 11) + -45 + -36 + 76?
-13
Calculate 73 - 67 - (18 - 0) - (-14 + 1).
1
Calculate (27 - (-20 + 3)) + -72.
-28
Calculate 24 + 25 + 12 + -37 + -37.
-13
What is 8 - ((3 + 9 - 2) + 43) - 4?
-49
Calculate 27 + 73 + -46 + (-15 - 1).
38
Calculate -180 - -31 - (213 + -300).
-62
Evaluate 2 - ((76 - 145) + 45).
26
Evaluate (-1 - 9) + -799 + 832 + -14 + 1.
10
(-7 - 54 - 69) + 68
-62
Evaluate 40